{"id":760,"date":"2023-04-01T10:59:47","date_gmt":"2023-04-01T13:59:47","guid":{"rendered":"https:\/\/www.smn.org.br\/congresso\/?page_id=760"},"modified":"2023-04-29T11:26:06","modified_gmt":"2023-04-29T14:26:06","slug":"simposio-transplante-renal","status":"publish","type":"page","link":"https:\/\/smn.org.br\/congresso\/simposio-transplante-renal\/","title":{"rendered":"6\u00ba Simp\u00f3sio Mineiro de Transplante Renal"},"content":{"rendered":"\r\n<figure class=\"wp-block-table\">\r\n<table>\r\n<thead>\r\n<tr>\r\n<th style=\"width: 15%;\">Peroba Rosa 1<\/th>\r\n<th>Tema<\/th>\r\n<\/tr>\r\n<\/thead>\r\n<tbody>\r\n<tr>\r\n<td>11:00 &#8211; 12:30<\/td>\r\n<td><strong>6\u00ba SIMP\u00d3SIO MINEIRO DE TRANSPLANTE RENAL &#8211; Acesso ao transplante e doador lim\u00edtrofe<br \/><\/strong><em>MODERADORA: FLAVIA MARIA BORGES VIGIL (MG)<\/em><br \/><em>MODERADORA: SANDRA VILA\u00c7A (MG)<\/em><strong><br \/><\/strong><\/td>\r\n<\/tr>\r\n<tr>\r\n<td>11:00 &#8211; 11:20<\/td>\r\n<td><strong>Panorama das doa\u00e7\u00f5es de rim em MG<\/strong><br \/><em>PALESTRANTE: GUILHERME HENRIQUE SILVEIRA GONTIJO (MG)<\/em><\/td>\r\n<\/tr>\r\n<tr>\r\n<td>11:20 &#8211; 11:40<\/td>\r\n<td><strong>Acesso ao servi\u00e7o de Tx<\/strong><br \/><em>PALESTRANTE: TOM\u00c1S RIBEIRO CARVALHO (MG)<\/em><\/td>\r\n<\/tr>\r\n<tr>\r\n<td>11:40 &#8211; 12:00<\/td>\r\n<td><strong>Doador falecido &#8211; quais s\u00e3o os limites<\/strong><br \/><em>PALESTRANTE: GUSTAVO FERNANDES FERREIRA (MG)<\/em><\/td>\r\n<\/tr>\r\n<tr>\r\n<td>12:00 &#8211; 12:30<\/td>\r\n<td>Discuss\u00e3o<\/td>\r\n<\/tr>\r\n<tr class=\"cinza\">\r\n<td>12:30 &#8211; 14:00<\/td>\r\n<td>Intervalo<\/td>\r\n<\/tr>\r\n<tr>\r\n<td>14:00 &#8211; 15:30<\/td>\r\n<td><strong>Simp\u00f3sio de Transplante Renal &#8211; Desafios<br \/><\/strong><em>MODERADOR: PEDRO AUGUSTO MACEDO DE SOUZA (MG)<\/em><br \/><em>MODERADORA: HELOISA RENIERS VIANNA (MG)<\/em><strong><br \/><\/strong><\/td>\r\n<\/tr>\r\n<tr>\r\n<td>14:00-14:20<\/td>\r\n<td><strong>Desafios do diagn\u00f3stico e tratamento da RMA<\/strong><br \/><em>PALESTRANTE: JENAINE OLIVEIRA PAIX\u00c3O (MG)<\/em><\/td>\r\n<\/tr>\r\n<tr>\r\n<td>14:20-14:40<\/td>\r\n<td><strong>Fun\u00e7\u00e3o Tardia do enxerto &#8211; epidemiologia e desafios<\/strong><br \/><em>PALESTRANTE: TAIN\u00c1 VERAS DE SANDES FREITAS (CE)<\/em><\/td>\r\n<\/tr>\r\n<tr>\r\n<td>14:40-15:00<\/td>\r\n<td><strong>Monitoriza\u00e7\u00e3o imunol\u00f3gica &#8211; perspectivas<\/strong><br \/><em>PALESTRANTE: H\u00c9LIO TEDESCO (SP)<\/em><\/td>\r\n<\/tr>\r\n<tr>\r\n<td>15:00-15:30<\/td>\r\n<td>Discuss\u00e3o<\/td>\r\n<\/tr>\r\n<tr class=\"cinza\">\r\n<td>15:30-16:00<\/td>\r\n<td>Intervalo<\/td>\r\n<\/tr>\r\n<tr>\r\n<td>16:00 &#8211; 17:00<\/td>\r\n<td><strong>Simp\u00f3sio de Transplante Renal &#8211; Complica\u00e7\u00f5es cr\u00f4nicas e casos<br \/><\/strong><em>MODERADORA: MAR\u00cdLIA DE SOUZA VIEIRA VILELA CAN\u00c7ADO (MG)<\/em><br \/><em>MODERADOR: GERALDO SERGIO GON\u00c7ALVES MEIRA (MG)<\/em><strong><br \/><\/strong><\/td>\r\n<\/tr>\r\n<tr>\r\n<td>16:00-16:20<\/td>\r\n<td><strong>The failing kidney allograft &#8211; manejo<\/strong><br \/><em>PALESTRANTE: HELADY SANDERS-PINHEIRO (MG)<\/em><\/td>\r\n<\/tr>\r\n<tr>\r\n<td>16:20-16:40<\/td>\r\n<td><strong>O infectologista e o cuidado no transplante renal<\/strong><br \/><em>PALESTRANTE: JACQUELINE DAS GRA\u00c7AS FERREIRA OLIVEIRA (MG)<\/em><\/td>\r\n<\/tr>\r\n<tr>\r\n<td>16:40-17:00<\/td>\r\n<td>Discuss\u00e3o<\/td>\r\n<\/tr>\r\n<tr>\r\n<td>17:00-18:00<\/td>\r\n<td><strong>Casos<\/strong><br \/><em>PALESTRANTE: PEDRO AUGUSTO MACEDO DE SOUZA (MG)<\/em><br \/><em>PALESTRANTE: TAIN\u00c1 VERAS DE SANDES FREITAS (CE)<\/em><br \/><em>PALESTRANTE: RAFAEL LAGE MADEIRA (MG)<\/em><br \/><em>PALESTRANTE: H\u00c9LIO TEDESCO (SP)<\/em><\/td>\r\n<\/tr>\r\n<\/tbody>\r\n<\/table>\r\n<\/figure>","protected":false},"excerpt":{"rendered":"<p>Peroba Rosa 1 Tema 11:00 &#8211; 12:30 6\u00ba SIMP\u00d3SIO MINEIRO DE TRANSPLANTE RENAL &#8211; Acesso ao transplante e doador lim\u00edtrofeMODERADORA: FLAVIA MARIA BORGES VIGIL (MG)MODERADORA: SANDRA VILA\u00c7A (MG) 11:00 &#8211; 11:20 Panorama das doa\u00e7\u00f5es de rim em MGPALESTRANTE: GUILHERME HENRIQUE SILVEIRA GONTIJO (MG) 11:20 &#8211; 11:40 Acesso ao servi\u00e7o de TxPALESTRANTE: TOM\u00c1S RIBEIRO CARVALHO (MG) [&hellip;]<\/p>\n","protected":false},"author":1,"featured_media":383,"parent":0,"menu_order":0,"comment_status":"closed","ping_status":"closed","template":"","meta":[],"yoast_head":"<!-- This site is optimized with the Yoast SEO plugin v20.7 - https:\/\/yoast.com\/wordpress\/plugins\/seo\/ -->\n<title>6\u00ba Simp\u00f3sio Mineiro de Transplante Renal - 15\u00ba Congresso Mineiro de Nefrologia<\/title>\n<meta name=\"robots\" content=\"index, follow, max-snippet:-1, max-image-preview:large, max-video-preview:-1\" \/>\n<link rel=\"canonical\" href=\"https:\/\/smn.org.br\/congresso\/simposio-transplante-renal\/\" \/>\n<meta property=\"og:locale\" content=\"pt_BR\" \/>\n<meta property=\"og:type\" content=\"article\" \/>\n<meta property=\"og:title\" content=\"6\u00ba Simp\u00f3sio Mineiro de Transplante Renal - 15\u00ba Congresso Mineiro de Nefrologia\" \/>\n<meta property=\"og:description\" content=\"Peroba Rosa 1 Tema 11:00 &#8211; 12:30 6\u00ba SIMP\u00d3SIO MINEIRO DE TRANSPLANTE RENAL &#8211; Acesso ao transplante e doador lim\u00edtrofeMODERADORA: FLAVIA MARIA BORGES VIGIL (MG)MODERADORA: SANDRA VILA\u00c7A (MG) 11:00 &#8211; 11:20 Panorama das doa\u00e7\u00f5es de rim em MGPALESTRANTE: GUILHERME HENRIQUE SILVEIRA GONTIJO (MG) 11:20 &#8211; 11:40 Acesso ao servi\u00e7o de TxPALESTRANTE: TOM\u00c1S RIBEIRO CARVALHO (MG) [&hellip;]\" \/>\n<meta property=\"og:url\" content=\"https:\/\/smn.org.br\/congresso\/simposio-transplante-renal\/\" \/>\n<meta property=\"og:site_name\" content=\"15\u00ba Congresso Mineiro de Nefrologia\" \/>\n<meta property=\"article:publisher\" content=\"https:\/\/www.facebook.com\/smn.org.br\" \/>\n<meta property=\"article:modified_time\" content=\"2023-04-29T14:26:06+00:00\" \/>\n<meta property=\"og:image\" content=\"https:\/\/smn.org.br\/congresso\/wp-content\/uploads\/2021\/06\/ouro-preto-1.jpg\" \/>\n\t<meta property=\"og:image:width\" content=\"1400\" \/>\n\t<meta property=\"og:image:height\" content=\"500\" \/>\n\t<meta property=\"og:image:type\" content=\"image\/jpeg\" \/>\n<meta name=\"twitter:card\" content=\"summary_large_image\" \/>\n<meta name=\"twitter:label1\" content=\"Est. reading time\" \/>\n\t<meta name=\"twitter:data1\" content=\"2 minutos\" \/>\n<script type=\"application\/ld+json\" class=\"yoast-schema-graph\">{\"@context\":\"https:\/\/schema.org\",\"@graph\":[{\"@type\":\"WebPage\",\"@id\":\"https:\/\/smn.org.br\/congresso\/simposio-transplante-renal\/\",\"url\":\"https:\/\/smn.org.br\/congresso\/simposio-transplante-renal\/\",\"name\":\"6\u00ba Simp\u00f3sio Mineiro de Transplante Renal - 15\u00ba Congresso Mineiro de Nefrologia\",\"isPartOf\":{\"@id\":\"https:\/\/smn.org.br\/congresso\/#website\"},\"datePublished\":\"2023-04-01T13:59:47+00:00\",\"dateModified\":\"2023-04-29T14:26:06+00:00\",\"breadcrumb\":{\"@id\":\"https:\/\/smn.org.br\/congresso\/simposio-transplante-renal\/#breadcrumb\"},\"inLanguage\":\"pt-BR\",\"potentialAction\":[{\"@type\":\"ReadAction\",\"target\":[\"https:\/\/smn.org.br\/congresso\/simposio-transplante-renal\/\"]}]},{\"@type\":\"BreadcrumbList\",\"@id\":\"https:\/\/smn.org.br\/congresso\/simposio-transplante-renal\/#breadcrumb\",\"itemListElement\":[{\"@type\":\"ListItem\",\"position\":1,\"name\":\"Home\",\"item\":\"https:\/\/smn.org.br\/congresso\/\"},{\"@type\":\"ListItem\",\"position\":2,\"name\":\"6\u00ba Simp\u00f3sio Mineiro de Transplante Renal\"}]},{\"@type\":\"WebSite\",\"@id\":\"https:\/\/smn.org.br\/congresso\/#website\",\"url\":\"https:\/\/smn.org.br\/congresso\/\",\"name\":\"15\u00ba Congresso Mineiro de Nefrologia\",\"description\":\"6\u00ba Simp\u00f3sio Mineiro de Transplante Renal\",\"publisher\":{\"@id\":\"https:\/\/smn.org.br\/congresso\/#organization\"},\"potentialAction\":[{\"@type\":\"SearchAction\",\"target\":{\"@type\":\"EntryPoint\",\"urlTemplate\":\"https:\/\/smn.org.br\/congresso\/?s={search_term_string}\"},\"query-input\":\"required name=search_term_string\"}],\"inLanguage\":\"pt-BR\"},{\"@type\":\"Organization\",\"@id\":\"https:\/\/smn.org.br\/congresso\/#organization\",\"name\":\"15\u00ba Congresso Mineiro de Nefrologia\",\"url\":\"https:\/\/smn.org.br\/congresso\/\",\"logo\":{\"@type\":\"ImageObject\",\"inLanguage\":\"pt-BR\",\"@id\":\"https:\/\/smn.org.br\/congresso\/#\/schema\/logo\/image\/\",\"url\":\"https:\/\/www.smn.org.br\/congresso\/wp-content\/uploads\/2022\/12\/logo-congresso-mineiro-nefrologia-2023.png\",\"contentUrl\":\"https:\/\/www.smn.org.br\/congresso\/wp-content\/uploads\/2022\/12\/logo-congresso-mineiro-nefrologia-2023.png\",\"width\":400,\"height\":159,\"caption\":\"15\u00ba Congresso Mineiro de Nefrologia\"},\"image\":{\"@id\":\"https:\/\/smn.org.br\/congresso\/#\/schema\/logo\/image\/\"},\"sameAs\":[\"https:\/\/www.facebook.com\/smn.org.br\"]}]}<\/script>\n<!-- \/ Yoast SEO plugin. -->","yoast_head_json":{"title":"6\u00ba Simp\u00f3sio Mineiro de Transplante Renal - 15\u00ba Congresso Mineiro de Nefrologia","robots":{"index":"index","follow":"follow","max-snippet":"max-snippet:-1","max-image-preview":"max-image-preview:large","max-video-preview":"max-video-preview:-1"},"canonical":"https:\/\/smn.org.br\/congresso\/simposio-transplante-renal\/","og_locale":"pt_BR","og_type":"article","og_title":"6\u00ba Simp\u00f3sio Mineiro de Transplante Renal - 15\u00ba Congresso Mineiro de Nefrologia","og_description":"Peroba Rosa 1 Tema 11:00 &#8211; 12:30 6\u00ba SIMP\u00d3SIO MINEIRO DE TRANSPLANTE RENAL &#8211; Acesso ao transplante e doador lim\u00edtrofeMODERADORA: FLAVIA MARIA BORGES VIGIL (MG)MODERADORA: SANDRA VILA\u00c7A (MG) 11:00 &#8211; 11:20 Panorama das doa\u00e7\u00f5es de rim em MGPALESTRANTE: GUILHERME HENRIQUE SILVEIRA GONTIJO (MG) 11:20 &#8211; 11:40 Acesso ao servi\u00e7o de TxPALESTRANTE: TOM\u00c1S RIBEIRO CARVALHO (MG) [&hellip;]","og_url":"https:\/\/smn.org.br\/congresso\/simposio-transplante-renal\/","og_site_name":"15\u00ba Congresso Mineiro de Nefrologia","article_publisher":"https:\/\/www.facebook.com\/smn.org.br","article_modified_time":"2023-04-29T14:26:06+00:00","og_image":[{"width":1400,"height":500,"url":"https:\/\/smn.org.br\/congresso\/wp-content\/uploads\/2021\/06\/ouro-preto-1.jpg","type":"image\/jpeg"}],"twitter_card":"summary_large_image","twitter_misc":{"Est. reading time":"2 minutos"},"schema":{"@context":"https:\/\/schema.org","@graph":[{"@type":"WebPage","@id":"https:\/\/smn.org.br\/congresso\/simposio-transplante-renal\/","url":"https:\/\/smn.org.br\/congresso\/simposio-transplante-renal\/","name":"6\u00ba Simp\u00f3sio Mineiro de Transplante Renal - 15\u00ba Congresso Mineiro de Nefrologia","isPartOf":{"@id":"https:\/\/smn.org.br\/congresso\/#website"},"datePublished":"2023-04-01T13:59:47+00:00","dateModified":"2023-04-29T14:26:06+00:00","breadcrumb":{"@id":"https:\/\/smn.org.br\/congresso\/simposio-transplante-renal\/#breadcrumb"},"inLanguage":"pt-BR","potentialAction":[{"@type":"ReadAction","target":["https:\/\/smn.org.br\/congresso\/simposio-transplante-renal\/"]}]},{"@type":"BreadcrumbList","@id":"https:\/\/smn.org.br\/congresso\/simposio-transplante-renal\/#breadcrumb","itemListElement":[{"@type":"ListItem","position":1,"name":"Home","item":"https:\/\/smn.org.br\/congresso\/"},{"@type":"ListItem","position":2,"name":"6\u00ba Simp\u00f3sio Mineiro de Transplante Renal"}]},{"@type":"WebSite","@id":"https:\/\/smn.org.br\/congresso\/#website","url":"https:\/\/smn.org.br\/congresso\/","name":"15\u00ba Congresso Mineiro de Nefrologia","description":"6\u00ba Simp\u00f3sio Mineiro de Transplante Renal","publisher":{"@id":"https:\/\/smn.org.br\/congresso\/#organization"},"potentialAction":[{"@type":"SearchAction","target":{"@type":"EntryPoint","urlTemplate":"https:\/\/smn.org.br\/congresso\/?s={search_term_string}"},"query-input":"required name=search_term_string"}],"inLanguage":"pt-BR"},{"@type":"Organization","@id":"https:\/\/smn.org.br\/congresso\/#organization","name":"15\u00ba Congresso Mineiro de Nefrologia","url":"https:\/\/smn.org.br\/congresso\/","logo":{"@type":"ImageObject","inLanguage":"pt-BR","@id":"https:\/\/smn.org.br\/congresso\/#\/schema\/logo\/image\/","url":"https:\/\/www.smn.org.br\/congresso\/wp-content\/uploads\/2022\/12\/logo-congresso-mineiro-nefrologia-2023.png","contentUrl":"https:\/\/www.smn.org.br\/congresso\/wp-content\/uploads\/2022\/12\/logo-congresso-mineiro-nefrologia-2023.png","width":400,"height":159,"caption":"15\u00ba Congresso Mineiro de Nefrologia"},"image":{"@id":"https:\/\/smn.org.br\/congresso\/#\/schema\/logo\/image\/"},"sameAs":["https:\/\/www.facebook.com\/smn.org.br"]}]}},"_links":{"self":[{"href":"https:\/\/smn.org.br\/congresso\/wp-json\/wp\/v2\/pages\/760"}],"collection":[{"href":"https:\/\/smn.org.br\/congresso\/wp-json\/wp\/v2\/pages"}],"about":[{"href":"https:\/\/smn.org.br\/congresso\/wp-json\/wp\/v2\/types\/page"}],"author":[{"embeddable":true,"href":"https:\/\/smn.org.br\/congresso\/wp-json\/wp\/v2\/users\/1"}],"replies":[{"embeddable":true,"href":"https:\/\/smn.org.br\/congresso\/wp-json\/wp\/v2\/comments?post=760"}],"version-history":[{"count":10,"href":"https:\/\/smn.org.br\/congresso\/wp-json\/wp\/v2\/pages\/760\/revisions"}],"predecessor-version":[{"id":793,"href":"https:\/\/smn.org.br\/congresso\/wp-json\/wp\/v2\/pages\/760\/revisions\/793"}],"wp:featuredmedia":[{"embeddable":true,"href":"https:\/\/smn.org.br\/congresso\/wp-json\/wp\/v2\/media\/383"}],"wp:attachment":[{"href":"https:\/\/smn.org.br\/congresso\/wp-json\/wp\/v2\/media?parent=760"}],"curies":[{"name":"wp","href":"https:\/\/api.w.org\/{rel}","templated":true}]}}